{"id":20445,"date":"2022-06-28T12:45:28","date_gmt":"2022-06-28T10:45:28","guid":{"rendered":"http:\/\/www.maddalena.it\/durabilite-notre-parcours\/esg\/"},"modified":"2023-04-14T10:00:12","modified_gmt":"2023-04-14T08:00:12","slug":"esg","status":"publish","type":"page","link":"https:\/\/www.maddalena.it\/fr\/durabilite\/esg\/","title":{"rendered":"ESG : les actes avant la parole"},"content":{"rendered":"\n<p><strong>L\u2019acronyme ESG signifie Environnement, Social et Gouvernance <\/strong> et se rapporte aux trois principaux facteurs permettant d\u2019\u00e9valuer le caract\u00e8re durable d&rsquo;un investissement. Dans l\u2019analyse des actions mises en \u0153uvre, en termes de durabilit\u00e9, par Maddalena S.p.A., nous voulons aller au c\u0153ur du sujet, car pour nous les actions comptent beaucoup plus que les mots. Les activit\u00e9s illustr\u00e9es ici tiennent compte non seulement des facteurs \u00e9conomiques et financiers mais pr\u00e9cis\u00e9ment aussi de ces crit\u00e8res\u00a0:<\/p>\n\n<ul class=\"wp-block-list\">\n<li><strong>Environnement<\/strong> r\u00e9unit les activit\u00e9s qui ont un impact sur la gestion environnementale<\/li>\n\n\n\n<li><strong>Social<\/strong> comprend les initiatives ayant un impact social pour les parties prenantes internes ou externes de l\u2019entreprise.<\/li>\n\n\n\n<li><strong>Gouvernance<\/strong> porte sur la mani\u00e8re dont l\u2019entreprise est dirig\u00e9e et administr\u00e9e<\/li>\n<\/ul>\n\n<div class=\"wp-block-buttons is-content-justification-left is-layout-flex wp-container-core-buttons-is-layout-fdcfc74e wp-block-buttons-is-layout-flex\">\n<div class=\"wp-block-button is-style-outline is-style-outline--2\"><a class=\"wp-block-button__link has-white-color has-vivid-red-background-color has-text-color has-background wp-element-button\" href=\"https:\/\/www.maddalena.it\/wp-content\/uploads\/2022\/06\/Maddalena_ESG_FR_.pdf\" style=\"border-radius:100px\" target=\"_blank\" rel=\"noreferrer noopener\"><strong>T\u00c9L\u00c9CHARGEZ L\u2019INFOGRAPHIE<\/strong><\/a><\/div>\n<\/div>\n","protected":false},"excerpt":{"rendered":"<p>L\u2019acronyme ESG signifie Environnement, Social et Gouvernance et se rapporte aux trois principaux facteurs permettant d\u2019\u00e9valuer le caract\u00e8re durable d&rsquo;un investissement. Dans l\u2019analyse des actions mises en \u0153uvre, en termes de durabilit\u00e9, par Maddalena S.p.A., nous voulons aller au c\u0153ur du sujet, car pour nous les actions comptent beaucoup plus que les mots. Les activit\u00e9s [&hellip;]<\/p>\n","protected":false},"author":2,"featured_media":0,"parent":20147,"menu_order":61,"comment_status":"closed","ping_status":"closed","template":"","meta":{"_acf_changed":false,"_lmt_disableupdate":"no","_lmt_disable":"","footnotes":""},"class_list":["post-20445","page","type-page","status-publish","hentry"],"acf":[],"yoast_head":"<!-- This site is optimized with the Yoast SEO plugin v27.5 - https:\/\/yoast.com\/product\/yoast-seo-wordpress\/ -->\n<title>ESG : les actes avant la parole - Maddalena S.p.A.<\/title>\n<meta name=\"description\" content=\"Maddalena S.p.A. s\u2019engage concr\u00e8tement sur le plan environnemental, social et de gouvernance (ESG) pour un avenir plus durable.\" \/>\n<meta name=\"robots\" content=\"index, follow, max-snippet:-1, max-image-preview:large, max-video-preview:-1\" \/>\n<link rel=\"canonical\" href=\"https:\/\/www.maddalena.it\/fr\/durabilite\/esg\/\" \/>\n<meta property=\"og:locale\" content=\"fr_FR\" \/>\n<meta property=\"og:type\" content=\"article\" \/>\n<meta property=\"og:title\" content=\"ESG : les actes avant la parole - Maddalena S.p.A.\" \/>\n<meta property=\"og:description\" content=\"Maddalena S.p.A. s\u2019engage concr\u00e8tement sur le plan environnemental, social et de gouvernance (ESG) pour un avenir plus durable.\" \/>\n<meta property=\"og:url\" content=\"https:\/\/www.maddalena.it\/fr\/durabilite\/esg\/\" \/>\n<meta property=\"og:site_name\" content=\"Maddalena S.p.A.\" \/>\n<meta property=\"article:modified_time\" content=\"2023-04-14T08:00:12+00:00\" \/>\n<meta name=\"twitter:card\" content=\"summary_large_image\" \/>\n<meta name=\"twitter:label1\" content=\"Dur\u00e9e de lecture estim\u00e9e\" \/>\n\t<meta name=\"twitter:data1\" content=\"1 minute\" \/>\n<script type=\"application\/ld+json\" class=\"yoast-schema-graph\">{\"@context\":\"https:\\\/\\\/schema.org\",\"@graph\":[{\"@type\":\"WebPage\",\"@id\":\"https:\\\/\\\/www.maddalena.it\\\/fr\\\/durabilite\\\/esg\\\/\",\"url\":\"https:\\\/\\\/www.maddalena.it\\\/fr\\\/durabilite\\\/esg\\\/\",\"name\":\"ESG : les actes avant la parole - Maddalena S.p.A.\",\"isPartOf\":{\"@id\":\"https:\\\/\\\/www.maddalena.it\\\/fr\\\/#website\"},\"datePublished\":\"2022-06-28T10:45:28+00:00\",\"dateModified\":\"2023-04-14T08:00:12+00:00\",\"description\":\"Maddalena S.p.A. s\u2019engage concr\u00e8tement sur le plan environnemental, social et de gouvernance (ESG) pour un avenir plus durable.\",\"breadcrumb\":{\"@id\":\"https:\\\/\\\/www.maddalena.it\\\/fr\\\/durabilite\\\/esg\\\/#breadcrumb\"},\"inLanguage\":\"fr-FR\",\"potentialAction\":[{\"@type\":\"ReadAction\",\"target\":[\"https:\\\/\\\/www.maddalena.it\\\/fr\\\/durabilite\\\/esg\\\/\"]}]},{\"@type\":\"BreadcrumbList\",\"@id\":\"https:\\\/\\\/www.maddalena.it\\\/fr\\\/durabilite\\\/esg\\\/#breadcrumb\",\"itemListElement\":[{\"@type\":\"ListItem\",\"position\":1,\"name\":\"Home\",\"item\":\"https:\\\/\\\/www.maddalena.it\\\/fr\\\/\"},{\"@type\":\"ListItem\",\"position\":2,\"name\":\"Durabilit\u00e9\u00a0: notre parcours\",\"item\":\"https:\\\/\\\/www.maddalena.it\\\/fr\\\/?page_id=20147\"},{\"@type\":\"ListItem\",\"position\":3,\"name\":\"ESG : les actes avant la parole\"}]},{\"@type\":\"WebSite\",\"@id\":\"https:\\\/\\\/www.maddalena.it\\\/fr\\\/#website\",\"url\":\"https:\\\/\\\/www.maddalena.it\\\/fr\\\/\",\"name\":\"Maddalena S.p.A.\",\"description\":\"Metering Expertise\",\"publisher\":{\"@id\":\"https:\\\/\\\/www.maddalena.it\\\/fr\\\/#organization\"},\"potentialAction\":[{\"@type\":\"SearchAction\",\"target\":{\"@type\":\"EntryPoint\",\"urlTemplate\":\"https:\\\/\\\/www.maddalena.it\\\/fr\\\/?s={search_term_string}\"},\"query-input\":{\"@type\":\"PropertyValueSpecification\",\"valueRequired\":true,\"valueName\":\"search_term_string\"}}],\"inLanguage\":\"fr-FR\"},{\"@type\":\"Organization\",\"@id\":\"https:\\\/\\\/www.maddalena.it\\\/fr\\\/#organization\",\"name\":\"Maddalena S.p.A.\",\"url\":\"https:\\\/\\\/www.maddalena.it\\\/fr\\\/\",\"logo\":{\"@type\":\"ImageObject\",\"inLanguage\":\"fr-FR\",\"@id\":\"https:\\\/\\\/www.maddalena.it\\\/fr\\\/#\\\/schema\\\/logo\\\/image\\\/\",\"url\":\"https:\\\/\\\/www.maddalena.it\\\/wp-content\\\/uploads\\\/2022\\\/04\\\/logo.svg\",\"contentUrl\":\"https:\\\/\\\/www.maddalena.it\\\/wp-content\\\/uploads\\\/2022\\\/04\\\/logo.svg\",\"caption\":\"Maddalena S.p.A.\"},\"image\":{\"@id\":\"https:\\\/\\\/www.maddalena.it\\\/fr\\\/#\\\/schema\\\/logo\\\/image\\\/\"}}]}<\/script>\n<!-- \/ Yoast SEO plugin. -->","yoast_head_json":{"title":"ESG : les actes avant la parole - Maddalena S.p.A.","description":"Maddalena S.p.A. s\u2019engage concr\u00e8tement sur le plan environnemental, social et de gouvernance (ESG) pour un avenir plus durable.","robots":{"index":"index","follow":"follow","max-snippet":"max-snippet:-1","max-image-preview":"max-image-preview:large","max-video-preview":"max-video-preview:-1"},"canonical":"https:\/\/www.maddalena.it\/fr\/durabilite\/esg\/","og_locale":"fr_FR","og_type":"article","og_title":"ESG : les actes avant la parole - Maddalena S.p.A.","og_description":"Maddalena S.p.A. s\u2019engage concr\u00e8tement sur le plan environnemental, social et de gouvernance (ESG) pour un avenir plus durable.","og_url":"https:\/\/www.maddalena.it\/fr\/durabilite\/esg\/","og_site_name":"Maddalena S.p.A.","article_modified_time":"2023-04-14T08:00:12+00:00","twitter_card":"summary_large_image","twitter_misc":{"Dur\u00e9e de lecture estim\u00e9e":"1 minute"},"schema":{"@context":"https:\/\/schema.org","@graph":[{"@type":"WebPage","@id":"https:\/\/www.maddalena.it\/fr\/durabilite\/esg\/","url":"https:\/\/www.maddalena.it\/fr\/durabilite\/esg\/","name":"ESG : les actes avant la parole - Maddalena S.p.A.","isPartOf":{"@id":"https:\/\/www.maddalena.it\/fr\/#website"},"datePublished":"2022-06-28T10:45:28+00:00","dateModified":"2023-04-14T08:00:12+00:00","description":"Maddalena S.p.A. s\u2019engage concr\u00e8tement sur le plan environnemental, social et de gouvernance (ESG) pour un avenir plus durable.","breadcrumb":{"@id":"https:\/\/www.maddalena.it\/fr\/durabilite\/esg\/#breadcrumb"},"inLanguage":"fr-FR","potentialAction":[{"@type":"ReadAction","target":["https:\/\/www.maddalena.it\/fr\/durabilite\/esg\/"]}]},{"@type":"BreadcrumbList","@id":"https:\/\/www.maddalena.it\/fr\/durabilite\/esg\/#breadcrumb","itemListElement":[{"@type":"ListItem","position":1,"name":"Home","item":"https:\/\/www.maddalena.it\/fr\/"},{"@type":"ListItem","position":2,"name":"Durabilit\u00e9\u00a0: notre parcours","item":"https:\/\/www.maddalena.it\/fr\/?page_id=20147"},{"@type":"ListItem","position":3,"name":"ESG : les actes avant la parole"}]},{"@type":"WebSite","@id":"https:\/\/www.maddalena.it\/fr\/#website","url":"https:\/\/www.maddalena.it\/fr\/","name":"Maddalena S.p.A.","description":"Metering Expertise","publisher":{"@id":"https:\/\/www.maddalena.it\/fr\/#organization"},"potentialAction":[{"@type":"SearchAction","target":{"@type":"EntryPoint","urlTemplate":"https:\/\/www.maddalena.it\/fr\/?s={search_term_string}"},"query-input":{"@type":"PropertyValueSpecification","valueRequired":true,"valueName":"search_term_string"}}],"inLanguage":"fr-FR"},{"@type":"Organization","@id":"https:\/\/www.maddalena.it\/fr\/#organization","name":"Maddalena S.p.A.","url":"https:\/\/www.maddalena.it\/fr\/","logo":{"@type":"ImageObject","inLanguage":"fr-FR","@id":"https:\/\/www.maddalena.it\/fr\/#\/schema\/logo\/image\/","url":"https:\/\/www.maddalena.it\/wp-content\/uploads\/2022\/04\/logo.svg","contentUrl":"https:\/\/www.maddalena.it\/wp-content\/uploads\/2022\/04\/logo.svg","caption":"Maddalena S.p.A."},"image":{"@id":"https:\/\/www.maddalena.it\/fr\/#\/schema\/logo\/image\/"}}]}},"_links":{"self":[{"href":"https:\/\/www.maddalena.it\/fr\/wp-json\/wp\/v2\/pages\/20445","targetHints":{"allow":["GET"]}}],"collection":[{"href":"https:\/\/www.maddalena.it\/fr\/wp-json\/wp\/v2\/pages"}],"about":[{"href":"https:\/\/www.maddalena.it\/fr\/wp-json\/wp\/v2\/types\/page"}],"author":[{"embeddable":true,"href":"https:\/\/www.maddalena.it\/fr\/wp-json\/wp\/v2\/users\/2"}],"replies":[{"embeddable":true,"href":"https:\/\/www.maddalena.it\/fr\/wp-json\/wp\/v2\/comments?post=20445"}],"version-history":[{"count":5,"href":"https:\/\/www.maddalena.it\/fr\/wp-json\/wp\/v2\/pages\/20445\/revisions"}],"predecessor-version":[{"id":25040,"href":"https:\/\/www.maddalena.it\/fr\/wp-json\/wp\/v2\/pages\/20445\/revisions\/25040"}],"up":[{"embeddable":true,"href":"https:\/\/www.maddalena.it\/fr\/wp-json\/wp\/v2\/pages\/20147"}],"wp:attachment":[{"href":"https:\/\/www.maddalena.it\/fr\/wp-json\/wp\/v2\/media?parent=20445"}],"curies":[{"name":"wp","href":"https:\/\/api.w.org\/{rel}","templated":true}]}}

<p><strong>L’acronyme ESG signifie Environnement, Social et Gouvernance </strong> et se rapporte aux trois principaux facteurs permettant d’évaluer le caractère durable d&rsquo;un investissement. Dans l’analyse des actions mises en œuvre, en termes de durabilité, par Maddalena S.p.A., nous voulons aller au cœur du sujet, car pour nous les actions comptent beaucoup plus que les mots. Les activités illustrées ici tiennent compte non seulement des facteurs économiques et financiers mais précisément aussi de ces critères :</p>

<ul class="wp-block-list">
<li><strong>Environnement</strong> réunit les activités qui ont un impact sur la gestion environnementale</li>



<li><strong>Social</strong> comprend les initiatives ayant un impact social pour les parties prenantes internes ou externes de l’entreprise.</li>



<li><strong>Gouvernance</strong> porte sur la manière dont l’entreprise est dirigée et administrée</li>
</ul>

<div class="wp-block-buttons is-content-justification-left is-layout-flex wp-container-core-buttons-is-layout-fdcfc74e wp-block-buttons-is-layout-flex">
<div class="wp-block-button is-style-outline is-style-outline--2"><a class="wp-block-button__link has-white-color has-vivid-red-background-color has-text-color has-background wp-element-button" href="https://www.maddalena.it/wp-content/uploads/2022/06/Maddalena_ESG_FR_.pdf" style="border-radius:100px" target="_blank" rel="noreferrer noopener"><strong>TÉLÉCHARGEZ L’INFOGRAPHIE</strong></a></div>
</div>

<p>L’acronyme ESG signifie Environnement, Social et Gouvernance et se rapporte aux trois principaux facteurs permettant d’évaluer le caractère durable d&rsquo;un investissement. Dans l’analyse des actions mises en œuvre, en termes de durabilité, par Maddalena S.p.A., nous voulons aller au cœur du sujet, car pour nous les actions comptent beaucoup plus que les mots. Les activités [&hellip;]</p>

<!-- This site is optimized with the Yoast SEO plugin v27.5 - https://yoast.com/product/yoast-seo-wordpress/ -->
<title>ESG : les actes avant la parole - Maddalena S.p.A.</title>
<meta name="description" content="Maddalena S.p.A. s’engage concrètement sur le plan environnemental, social et de gouvernance (ESG) pour un avenir plus durable." />
<meta name="robots" content="index, follow, max-snippet:-1, max-image-preview:large, max-video-preview:-1" />
<link rel="canonical" href="https://www.maddalena.it/fr/durabilite/esg/" />
<meta property="og:locale" content="fr_FR" />
<meta property="og:type" content="article" />
<meta property="og:title" content="ESG : les actes avant la parole - Maddalena S.p.A." />
<meta property="og:description" content="Maddalena S.p.A. s’engage concrètement sur le plan environnemental, social et de gouvernance (ESG) pour un avenir plus durable." />
<meta property="og:url" content="https://www.maddalena.it/fr/durabilite/esg/" />
<meta property="og:site_name" content="Maddalena S.p.A." />
<meta property="article:modified_time" content="2023-04-14T08:00:12+00:00" />
<meta name="twitter:card" content="summary_large_image" />
<meta name="twitter:label1" content="Durée de lecture estimée" />
	<meta name="twitter:data1" content="1 minute" />
<script type="application/ld+json" class="yoast-schema-graph">{"@context":"https:\/\/schema.org","@graph":[{"@type":"WebPage","@id":"https:\/\/www.maddalena.it\/fr\/durabilite\/esg\/","url":"https:\/\/www.maddalena.it\/fr\/durabilite\/esg\/","name":"ESG : les actes avant la parole - Maddalena S.p.A.","isPartOf":{"@id":"https:\/\/www.maddalena.it\/fr\/#website"},"datePublished":"2022-06-28T10:45:28+00:00","dateModified":"2023-04-14T08:00:12+00:00","description":"Maddalena S.p.A. s’engage concrètement sur le plan environnemental, social et de gouvernance (ESG) pour un avenir plus durable.","breadcrumb":{"@id":"https:\/\/www.maddalena.it\/fr\/durabilite\/esg\/#breadcrumb"},"inLanguage":"fr-FR","potentialAction":[{"@type":"ReadAction","target":["https:\/\/www.maddalena.it\/fr\/durabilite\/esg\/"]}]},{"@type":"BreadcrumbList","@id":"https:\/\/www.maddalena.it\/fr\/durabilite\/esg\/#breadcrumb","itemListElement":[{"@type":"ListItem","position":1,"name":"Home","item":"https:\/\/www.maddalena.it\/fr\/"},{"@type":"ListItem","position":2,"name":"Durabilité : notre parcours","item":"https:\/\/www.maddalena.it\/fr\/?page_id=20147"},{"@type":"ListItem","position":3,"name":"ESG : les actes avant la parole"}]},{"@type":"WebSite","@id":"https:\/\/www.maddalena.it\/fr\/#website","url":"https:\/\/www.maddalena.it\/fr\/","name":"Maddalena S.p.A.","description":"Metering Expertise","publisher":{"@id":"https:\/\/www.maddalena.it\/fr\/#organization"},"potentialAction":[{"@type":"SearchAction","target":{"@type":"EntryPoint","urlTemplate":"https:\/\/www.maddalena.it\/fr\/?s={search_term_string}"},"query-input":{"@type":"PropertyValueSpecification","valueRequired":true,"valueName":"search_term_string"}}],"inLanguage":"fr-FR"},{"@type":"Organization","@id":"https:\/\/www.maddalena.it\/fr\/#organization","name":"Maddalena S.p.A.","url":"https:\/\/www.maddalena.it\/fr\/","logo":{"@type":"ImageObject","inLanguage":"fr-FR","@id":"https:\/\/www.maddalena.it\/fr\/#\/schema\/logo\/image\/","url":"https:\/\/www.maddalena.it\/wp-content\/uploads\/2022\/04\/logo.svg","contentUrl":"https:\/\/www.maddalena.it\/wp-content\/uploads\/2022\/04\/logo.svg","caption":"Maddalena S.p.A."},"image":{"@id":"https:\/\/www.maddalena.it\/fr\/#\/schema\/logo\/image\/"}}]}</script>
<!-- / Yoast SEO plugin. -->

Maddalena S.p.A. s’engage concrètement sur le plan environnemental, social et de gouvernance (ESG) pour un avenir plus durable.

Durabilité : notre parcours
